
Let u(v) = v**2 - 127*v - 1953. Give u(150).
1497
Let h(s) = 82*s**3 - 1233*s**2 + 9*s + 65. Give h(15).
-475
Let t(z) = 2557*z - 2091. What is t(1)?
466
Let v(p) = p**3 - 178*p**2 + 216*p + 23936. What is v(176)?
0
Let h(s) = -3*s**2 + 394*s - 946. Determine h(128).
334
Let n(q) = 15*q**3 + 154*q**2 + 9*q - 48. Determine n(-10).
262
Let x(a) = a**2 - 10277*a + 205175. Give x(20).
35
Let t(r) = -r**2 - 2435*r - 1103773. Calculate t(-602).
-307
Let i(l) = -15147*l - 242449. Give i(-16).
-97
Let l(j) = j**2 + 83*j + 1053. Determine l(-16).
-19
Let v(u) = -u**3 - 121*u**2 + 390*u + 2023. What is v(-124)?
-209
Let b(k) = -k**2 + 111298*k + 5567404. Calculate b(-50).
4
Let k(q) = -31*q**2 + 3263*q - 13028. Determine k(4).
-472
Let g(y) = -743*y + 20064. Calculate g(27).
3
Let m(s) = 4759*s + 223666. Determine m(-47).
-7
Let l(t) = 1971*t + 4268. What is l(-2)?
326
Let x(j) = -339*j - 4697. Give x(-8).
-1985
Let g(b) = -17*b**3 - 2081*b**2 - 6894*b + 962. What is g(-119)?
10
Let a(j) = -314419*j - 1257688. Calculate a(-4).
-12
Let s(h) = -22*h**3 + 3471*h**2 + 770*h + 3153. Determine s(158).
-7
Let z(l) = l**2 + 118*l - 35839. Calculate z(-257).
-116
Let f(g) = -123*g + 12383. Give f(101).
-40
Let t(u) = -122698*u + 368203. Determine t(3).
109
Let m(w) = 3*w**2 + 176*w + 904. Determine m(-5).
99
Let c(i) = -28*i**2 - 598*i - 374. What is c(-24)?
-2150
Let x(q) = 5*q**2 - 421*q + 5784. Give x(18).
-174
Let u(b) = b**3 + 171*b**2 - 56099*b + 26065. What is u(166)?
3
Let h(p) = -63*p**2 - 2865*p + 8585. Determine h(3).
-577
Let r(x) = -x**2 - 16879*x - 168727. What is r(-10)?
-37
Let x(b) = -b**3 - 620*b**2 + 2444*b - 32409. Give x(-624).
39
Let f(y) = 50282*y - 302086. What is f(6)?
-394
Let b(c) = -c**3 - 113*c**2 + 1606*c + 133134. Determine b(-117).
-12
Let s(l) = l**3 - 577*l**2 + 13286*l - 335. What is s(24)?
1
Let d(i) = -2*i**3 - 7870*i**2 - 70671*i - 4. Determine d(-9).
23
Let l(u) = u**3 - u**2 - 6241*u - 6238. What is l(-1)?
1
Let g(x) = -164*x + 12567. Give g(87).
-1701
Let c(r) = 173*r**3 + 343*r**2 - 17*r - 18. What is c(-2)?
4
Let n(m) = m**3 + 2*m**2 - 156*m + 391. Give n(-18).
-1985
Let r(f) = -2*f**2 + 84*f - 677. Give r(10).
-37
Let q(c) = -3*c**3 - 27*c**2 + 126*c + 881. Determine q(-10).
-79
Let l(w) = -15*w**3 + 80*w**2 - 2*w - 37. Determine l(5).
78
Let w(j) = 318*j + 6373. Give w(-21).
-305
Let s(b) = -3*b**2 - 1956*b - 164242. Calculate s(-99).
-1
Let a(q) = -52*q**2 + 16397*q + 10876. What is a(316)?
-184
Let f(p) = 4*p**3 + 14*p**2 + 11*p. Give f(-5).
-205
Let b(u) = 647*u + 13702. Determine b(-22).
-532
Let q(a) = -a**2 - 1224*a - 130504. Determine q(-118).
4
Let c(x) = 34*x**3 - 377*x**2 - 29*x. Give c(11).
-682
Let p(v) = -102*v**2 + 5620*v - 164. Determine p(55).
386
Let s(c) = 2*c**2 + 1176647*c + 9413104. Determine s(-8).
56
Let u(b) = 6445*b - 721826. Calculate u(112).
14
Let l(y) = -y**3 + 23*y**2 + 2447*y - 63128. What is l(27)?
25
Let d(m) = 4*m**2 - 141*m + 382. What is d(31)?
-145
Let a(n) = -56*n**2 - 13*n + 165. Give a(0).
165
Let j(a) = 206*a + 18345. What is j(-89)?
11
Let t(q) = -5147*q + 303702. Give t(59).
29
Let n(q) = -q**3 + 18*q**2 - 18946*q + 399134. What is n(21)?
-55
Let j(o) = 6*o**3 - 1421*o**2 - 25*o - 50246. Give j(237).
-2
Let s(z) = -104*z**2 + 879*z + 16. Calculate s(7).
1073
Let t(v) = 2463*v - 1051741. What is t(427)?
-40
Let o(n) = -n**3 + 113*n**2 + 207*n - 10620. Determine o(114).
-18
Let j(s) = -3697*s - 3441917. What is j(-931)?
-10
Let d(a) = a**3 - 24*a**2 - 34*a + 175. Calculate d(26).
643
Let g(c) = -8838*c + 80642. Calculate g(9).
1100
Let t(o) = -15*o**3 - 9380*o**2 + 37511*o + 3. Give t(4).
-993
Let t(h) = -12*h**3 - 359*h**2 + 27*h - 95. Calculate t(-30).
-5
Let k(r) = 14*r**3 - 17*r**2 + 8*r + 8. Calculate k(1).
13
Let b(r) = r**3 + 122*r**2 - 402*r - 1045. What is b(-125)?
2330
Let q(g) = -g**3 - 121*g**2 + 129*g + 3178. Calculate q(-122).
2324
Let a(m) = -2*m**3 + 12*m**2 + 16*m - 55. Calculate a(6).
41
Let f(v) = 97*v**2 - 88*v + 30. What is f(1)?
39
Let u(x) = 189*x**3 - 5290*x**2 - 68*x + 398. Determine u(28).
62
Let f(g) = 4*g**3 + 98*g**2 + 60*g + 5607. Give f(-26).
-9
Let n(m) = 15*m**2 - 738*m - 108665. Give n(-64).
7
Let s(g) = -13442*g + 94295. What is s(7)?
201
Let p(a) = -921*a - 52572. What is p(-57)?
-75
Let w(z) = 17*z**2 - 24*z + 26. Determine w(3).
107
Let t(y) = -2240*y + 141086. Determine t(63).
-34
Let c(i) = 1796*i + 27869. Give c(-17).
-2663
Let l(d) = -d**3 + 246*d**2 - 3510*d + 10422. Give l(231).
27
Let l(n) = 92*n + 6. What is l(4)?
374
Let i(u) = u**3 + 5*u**2 - 2828*u - 25539. Determine i(-9).
-411
Let v(h) = -99*h + 6416. Calculate v(63).
179
Let i(x) = -430*x + 6632. Determine i(15).
182
Let w(f) = f**3 + 92*f**2 - 36*f + 3315. Determine w(-93).
-1986
Let h(m) = -2*m**3 - 24*m**2 + 113*m + 209. Calculate h(5).
-76
Let f(c) = c**3 - 58*c**2 + 49*c + 6264. What is f(55)?
-116
Let n(i) = -268046*i + 4824819. Calculate n(18).
-9
Let d(a) = -5775*a + 161702. Determine d(28).
2
Let o(l) = l**2 - 156859*l - 3137596. Give o(-20).
-16
Let z(s) = -7*s**2 + 186*s + 252. Determine z(28).
-28
Let r(g) = -2745*g + 908. What is r(1)?
-1837
Let v(p) = 121*p + 2553. Calculate v(-12).
1101
Let b(t) = -246*t + 8775. Calculate b(25).
2625
Let c(r) = -r**3 - 11*r**2 - 1234*r - 9676. Give c(-8).
4
Let x(v) = 5*v**3 - 88*v**2 - 40*v + 60. Calculate x(18).
-12
Let h(s) = -s**3 - 83*s**2 + 243*s - 1161. What is h(-86)?
129
Let u(z) = 1056*z + 96102. What is u(-91)?
6
Let f(j) = -9*j**2 + 221*j - 1243. Give f(16).
-11
Let l(g) = -9*g**2 + 438*g + 606. Give l(50).
6
Let m(b) = -368*b**2 - 1101*b - 18. Give m(-3).
-27
Let o(v) = 273*v**2 - 12548*v + 42. Determine o(46).
502
Let y(g) = 498*g - 2885. Give y(9).
1597
Let p(v) = -233154*v + 1165767. Calculate p(5).
-3
Let x(a) = 46*a**2 + 120*a - 195. Give x(-3).
-141
Let m(n) = 19638*n - 78556. Give m(4).
-4
Let m(d) = 118*d + 5838. Determine m(-50).
-62
Let f(b) = -b**3 + 52*b**2 - 146*b + 3037. Calculate f(50).
737
Let j(d) = d**2 - 488*d - 32600. What is j(547)?
-327
Let i(q) = 217*q + 8055. Calculate i(-38).
-191
Let y(d) = 3*d**2 - 436*d - 3637. Give y(-8).
43
Let f(g) = 286*g + 4503. Give f(-15).
213
Let y(q) = -8*q**2 + 168*q + 1255. Determine y(-6).
-41
Let x(i) = -480*i**2 - 375*i + 18. Calculate x(0).
18
Let y(b) = -438*b - 14697. Calculate y(-30).
-1557
Let z(n) = 9509*n - 1787742. What is z(188)?
-50
Let m(k) = -521*k + 22338. What is m(43)?
-65
Let k(t) = -53*t**2 - 21*t - 107. What is k(-7)?
-2557
Let w(b) = -4182*b - 25075. Determine w(-6).
17
Let q(y) = 345*y + 29450. Calculate q(-86).
-220
Let k(g) = g**3 - 8*g**2 - 178*g - 10. Determine k(18).
26
Let d(v) = 8*v**3 - 2456*v**2 + 3*v - 897. What is d(307)?
24
Let s(h) = 94*h**2 + 6104*h - 274. Determine s(-65).
116
Let l(b) = -b**3 + 6*b**2 - 94*b - 309. Determine l(-3).
54
Let n(b) = 6*b**2 - 242*b - 3774. What is n(-12)?
-6
Let f(d) = 246*d**3 + 50922*d**2 + 23*d + 4767. Determine f(-207).
6
Let t(f) = 159*f**2 - 994*f + 1344. Give t(2).
-8
Let u(r) = 12*r - 55. Determine u(4).
-7
Let y(r) = 637*r + 265680. Calculate y(-416).
688
Let q(z) = 4*z**3 + 802*z**2 + 1192*z - 398. Calculate q(-199).
0
Let c(a) = -a**3 + 6*a**2 - 1029*a - 2079. What is c(-2)?
11
Let t(g) = -6*g**3 + 16*g**2 + 3*g + 35. Calculate t(6).
-667
Let p(v) = -3939*v - 181207. Give p(-46).
-13
Let l(q) = 48*q - 1531. Give l(26).
-283
Let t(b) = -b**3 - 174*b**2 + 348*b + 995. What is t(-176)?
1699
Let k(m) = m**2 + 2005*m + 91915. Determine k(-47).
-111
Let t(q) = 3*q**3 + 808*q**2 - 543*q - 757. What is t(-270)?
53
Let v(a) = -60*a**3 - 5*a**2 - 62*a - 106. Give v(-2).
478
Let o(j) = -j**3 + 32*j**2 - 25*j + 209. Give o(31).
395
Let g(m) = -3690*m + 4516539. Calculate g(1224).
-21
Let n(m) = -107*m - 3070. What is n(-22)?
-716
Let a(i) = -i**3 + 18*i**2 + 911*i - 1255. Calculate a(40).
-15
Let n(b) = 2*b**2 - 9324*b - 46705. Calculate n(-5).
-35
Let n(o) = -161*o + 2158. What is n(35)?
-3477
Let a(h) = 5*h**2 + 1252*h + 27128. Determine a(-24).
-40
Let t(w) = -5*w**2 - 2296*w - 56209. What is t(-26)?
107
Let t(v) = -v**3 + 19*v**2 - 83*v - 32. Determine t(6).
-62
Let a(t) = -4864*t + 28999. What is a(6)?
-185
Let o(w) = 7681*w - 38175. What is o(5)?
230
Let j(a) = -4707*a + 1595666. Wha